
True
Does 92 divide 10212?
True
Is 2525 a multiple of 98?
False
Does 3 divide 4881?
True
Does 10 divide 2053?
False
Is 87 a multiple of 3?
True
Does 13 divide 780?
True
Is 3088 a multiple of 35?
False
Does 24 divide 1117?
False
Is 12425 a multiple of 3?
False
Is 7 a factor of 50?
False
Is 17 a factor of 568?
False
Is 19 a factor of 1178?
True
Does 11 divide 2886?
False
Is 2 a factor of 846?
True
Does 18 divide 288?
True
Is 12 a factor of 3161?
False
Does 8 divide 230?
False
Is 1603 a multiple of 43?
False
Is 70739 a multiple of 13?
False
Does 46 divide 126362?
True
Is 3332 a multiple of 7?
True
Is 1050 a multiple of 30?
True
Is 322 a multiple of 6?
False
Is 187 a factor of 4075?
False
Is 83 a factor of 249?
True
Is 10 a factor of 2600?
True
Is 29223 a multiple of 53?
False
Does 38 divide 840?
False
Is 2212 a multiple of 63?
False
Is 3 a factor of 5202?
True
Is 16 a factor of 975?
False
Is 1270 a multiple of 60?
False
Is 5684 a multiple of 29?
True
Does 104 divide 23192?
True
Is 260 a multiple of 5?
True
Does 19 divide 13775?
True
Is 137 a multiple of 7?
False
Is 812 a multiple of 29?
True
Does 38 divide 3143?
False
Is 2516 a multiple of 68?
True
Is 3 a factor of 18?
True
Is 1178 a multiple of 29?
False
Does 61 divide 1159?
True
Is 10580 a multiple of 6?
False
Is 1524 a multiple of 2?
True
Is 2378 a multiple of 29?
True
Is 4727 a multiple of 4?
False
Is 11 a factor of 979?
True
Is 27 a factor of 511?
False
Is 198 a multiple of 18?
True
Is 6 a factor of 381?
False
Is 4 a factor of 104?
True
Is 17 a factor of 3859?
True
Is 125 a multiple of 25?
True
Is 260 a multiple of 42?
False
Is 4 a factor of 260?
True
Does 2 divide 80?
True
Is 17 a factor of 3789?
False
Does 16 divide 37264?
True
Does 7 divide 621?
False
Is 10 a factor of 180?
True
Is 28 a factor of 1146?
False
Is 1296 a multiple of 15?
False
Is 665 a multiple of 15?
False
Does 12 divide 7500?
True
Does 163 divide 73742?
False
Is 51705 a multiple of 45?
True
Does 21 divide 4935?
True
Does 12 divide 276?
True
Is 4943 a multiple of 13?
False
Does 14 divide 1400?
True
Does 43 divide 7466?
False
Is 79 a multiple of 15?
False
Is 15091 a multiple of 12?
False
Is 13 a factor of 2275?
True
Does 20 divide 1280?
True
Does 14 divide 7868?
True
Is 3735 a multiple of 83?
True
Does 3 divide 3?
True
Is 67104 a multiple of 32?
True
Is 10 a factor of 3542?
False
Does 6 divide 132?
True
Is 1768 a multiple of 34?
True
Is 5616 a multiple of 144?
True
Is 147 a multiple of 6?
False
Does 51 divide 1122?
True
Is 4 a factor of 6210?
False
Is 26 a factor of 13420?
False
Is 20953 a multiple of 53?
False
Is 33 a factor of 2541?
True
Is 441 a multiple of 48?
False
Is 7 a factor of 1743?
True
Is 23 a factor of 3417?
False
Is 1628 a multiple of 11?
True
Is 5565 a multiple of 15?
True
Does 83 divide 4601?
False
Is 64338 a multiple of 215?
False
Does 16 divide 759?
False
Does 27 divide 55849?
False
Does 12 divide 7428?
True
Is 3 a factor of 2232?
True
Does 41 divide 77?
False
Is 7 a factor of 28914?
False
Is 157 a multiple of 115?
False
Is 23 a factor of 19481?
True
Is 380 a multiple of 10?
True
Is 79 a factor of 2686?
True
Does 59 divide 23482?
True
Is 98 a factor of 103?
False
Is 24 a factor of 11664?
True
Does 8 divide 1584?
True
Is 29 a factor of 629?
False
Is 7196 a multiple of 13?
False
Is 62 a factor of 1329?
False
Is 3948 a multiple of 14?
True
Does 12 divide 32088?
True
Does 220 divide 880?
True
Does 29 divide 17922?
True
Is 495 a multiple of 46?
False
Is 1750 a multiple of 7?
True
Does 45 divide 5085?
True
Does 9 divide 2369?
False
Does 106 divide 1272?
True
Is 1344 a multiple of 96?
True
Is 504 a multiple of 28?
True
Is 43254 a multiple of 81?
True
Is 1217 a multiple of 88?
False
Does 23 divide 1465?
False
Is 14 a factor of 28244?
False
Is 145 a factor of 5800?
True
Is 9 a factor of 512?
False
Does 7 divide 13483?
False
Is 1554 a multiple of 27?
False
Is 337 a multiple of 47?
False
Is 6820 a multiple of 10?
True
Is 74 even?
True
Is 43 a factor of 1247?
True
Does 75 divide 3677?
False
Is 1134 a multiple of 9?
True
Is 30 a factor of 840?
True
Is 14820 a multiple of 156?
True
Is 101 a multiple of 40?
False
Is 40 a factor of 640?
True
Is 26626 a multiple of 174?
False
Is 244 a factor of 72712?
True
Is 72115 a multiple of 17?
False
Does 138 divide 20148?
True
Is 12 a factor of 891?
False
Does 12 divide 324?
True
Does 17 divide 287?
False
Is 351 a multiple of 39?
True
Does 21 divide 505?
False
Does 60 divide 5154?
False
Is 2180 a multiple of 4?
True
Is 288 a multiple of 36?
True
Is 357 even?
False
Is 13 a factor of 910?
True
Is 11075 a multiple of 5?
True
Is 1832 a multiple of 8?
True
Is 31599 a multiple of 70?
False
Does 55 divide 17490?
True
Is 141 a multiple of 3?
True
Is 20 a factor of 240?
True
Does 12 divide 885?
False
Is 785 a multiple of 47?
False
Is 7 a factor of 728?
True
Does 5 divide 220?
True
Does 29 divide 4506?
False
Does 4 divide 468?
True
Does 67 divide 37274?
False
Is 80 a multiple of 4?
True
Is 1090 a multiple of 42?
False
Is 8 a factor of 2169?
False
Is 18333 a multiple of 27?
True
Is 7584 a multiple of 68?
False
Does 4 divide 1404?
True
Does 19 divide 29925?
True
Does 8 divide 164?
False
Is 13 a factor of 3710?
False
Is 12020 a multiple of 13?
False
Is 109 a multiple of 4?
False
Is 31 a factor of 13454?
True
Does 11 divide 89?
False
Does 121 divide 3364?
False
Does 11 divide 153?
False
Does 16 divide 6112?
True
Is 84 a factor of 99739?
False
Is 5 a factor of 47?
False
Is 60 a factor of 1139?
False
Is 2281 a multiple of 7?
False
Is 13632 a multiple of 12?
True
Is 2 a factor of 66?
True
Is 22 a factor of 15400?
True
Does 8 divide 773?
False
Does 36 divide 18396?
True
Is 9 a factor of 188?
False
Is 910 a multiple of 91?
True
Is 92 a factor of 184?
True
Does 14 divide 60830?
True
Is 49 a factor of 25406?
False
Does 56 divide 70392?
True
Does 45 divide 121?
False
Is 11 a factor of 329?
False
Does 128 divide 11008?
True
Does 128 divide 17664?
True
Is 855 a multiple of 15?
True
Is 3737 a multiple of 37?
True
Is 315 a multiple of 9?
True
Is 652 a multiple of 7?
False
Is 150 a factor of 2352?
False
Is 896 a multiple of 47?
False
Is 4894 a multiple of 25?
False
Does 10 divide 10530?
True
Is 5354 even?
True
Is 645 a multiple of 37?
False
Is 8282 a multiple of 13?
False
Is 103 a factor of 45714?
False
Is 204 a multiple of 24?
False
Is 15 a factor of 2358?
False
Does 34 divide 14994?
True
Does 4 divide 742?
False
Is 125 a factor of 1250?
True
Is 8 a factor of 408?
True
Is 2756 a multiple of 7?
False
Is 44233 a multiple of 89?
True
Is 5922 a multiple of 5?
False
Does 7 divide 280?
True
Is 25 a factor of 775?
True
Does 59 divide 762?
False
Is 1188 a multiple of 44?
True
Does 84 divide 1344?
True
Is 29406 a multiple of 30?
False
Does 20 divide 2180?
True
Is 22 a factor of 44?
True
Does 46 divide 276?
True
Does 68 divide 733?
False
Is 88 a factor of 13552?
True
Does 24 divide 3707?
False
Is 2511 a multiple of 13?
False
Does 19 divide 885?
False
Is 5 a factor of 2487?
False
Does 25 divide 7411?
False
Is 66 a factor of 1630?
False
Is 547 a multiple of 2?
False
Is 12 a factor of 1728?
True
Is 56 a multiple of 28?
True
Is 47 a factor of 5593?
True
Is 153 even?
False
Is 1457 a multiple of 31?
True
Is 605 a multiple of 17?
False
Does 19 divide 11761?
True
Is 2272 a multiple of 71?
True
Is 4230 a multiple of 47?
True
Is 3 a factor of 61?
False
Is 12 a factor of 473?
False
Is 3960 a multiple of 15?
True
Is 227 a factor of 28840?
False
Is 38 a factor of 10394?
False
Is 3336 a multiple of 34?
False
Does 5 divide 316?
False
Does 6 divide 812?
False
Does 33 divide 2906?
False
Is 10 a factor of 1260?
True
Is 7294 a multiple of 14?
True
Is 94 a multiple of 18?
False
Is 1584 a multiple of 16?
True
Is 11 a factor of 201?
False
Does 4 divide 391?
False
Does 21 divide 42?
True
Does 35 divide 525?
True
Does 8 divide 6519?
False
Is 1587 a multiple of 4?
False
Is 4100 a multiple of 50?
True
Does 41 divide 1153?
False
Is 655 a multiple of 7?
False
Does 16 divide 563?
False
Does 137 divide 7824?
False
Does 19 divide 29677?
False
Is 3 a factor of 14689?
False
Is 17 a factor of 7395?
True
Does 16 divide 20896?
True
Does 8 divide 480?
True
Is 65 a factor of 2806?
False
Is 371 a multiple of 4?
False
Is 12 a factor of 1930?
False
Is 19 